**3 + 3*s**2 + 661*s + 663. Determine y(-1).
0
Let h(x) = -108*x**2 + 26139*x + 51999. What is h(244)?
27
Let k(x) = 5*x**3 - 2*x**2 + 5*x - 103. Give k(-6).
-1285
Let w(f) = 351*f + 81433. Calculate w(-232).
1
Let p(k) = -k**2 - 35114*k - 491266. What is p(-14)?
134
Let g(p) = -14*p**3 + 82*p**2 - 15178*p + 91152. Calculate g(6).
12
Let c(p) = 235*p**2 - 2291*p - 2285. Give c(-1).
241
Let m(u) = -13*u**3 - 37*u**2 + 69*u - 2. What is m(2)?
-116
Let l(o) = 588*o + 73564. What is l(-125)?
64
Let l(m) = -4944*m + 2091391. Calculate l(423).
79
Let s(z) = -z**2 + 3070*z - 608540. Calculate s(213).
1
Let a(c) = -8337*c + 289. What is a(0)?
289
Let r(u) = 7*u**2 - 7*u - 40. Calculate r(11).
730
Let m(h) = -33899*h + 847471. Determine m(25).
-4
Let i(f) = 30626*f + 6890901. Calculate i(-225).
51
Let m(f) = -154*f**3 - 2*f**2 + 43*f + 100. Determine m(-2).
1238
Let g(d) = d**3 + 16*d**2 - 5898*d + 2287. Give g(69).
10
Let n(f) = f**3 - 221*f**2 - 628*f - 9860. Determine n(224).
-4
Let k(c) = -18552*c - 92680. Give k(-5).
80
Let g(u) = -13*u**3 - 12*u**2 + 1991. Calculate g(0).
1991
Let s(f) = 3*f**3 + 8*f**2 + 650*f + 2630. Give s(-4).
-34
Let a(z) = -z**2 + 4472*z - 221088. What is a(50)?
12
Let v(u) = -556265*u + 2781294. Calculate v(5).
-31
Let a(v) = -5*v**3 + 249*v**2 - 191*v - 253. Calculate a(49).
-8
Let n(j) = -527*j - 11256. Give n(-20).
-716
Let b(d) = 9408*d + 1778119. Give b(-189).
7
Let j(x) = -107502*x + 3332572. Give j(31).
10
Let o(u) = -2*u**3 - 13*u**2 + 314*u + 180. Calculate o(-16).
20
Let s(x) = 2102*x - 63048. What is s(30)?
12
Let i(t) = -87*t**2 - 391*t - 428. Give i(-2).
6
Let u(d) = d**3 + 185*d**2 + 485*d - 11112. Give u(-182).
-10
Let k(w) = w**2 + 811*w - 7292. Determine k(9).
88
Let t(a) = -2*a**2 + 10*a + 16. What is t(12)?
-152
Let b(n) = -97045*n + 9413361. Determine b(97).
-4
Let h(t) = 63*t - 16688. Calculate h(265).
7
Let a(n) = n**3 - 75*n**2 - 13629*n - 370902. Calculate a(-46).
-4
Let p(f) = -58*f + 61. Calculate p(-33).
1975
Let a(r) = 135*r**2 + 11067*r + 42108. Calculate a(-4).
0
Let n(v) = 3*v**2 - 6580*v + 84977. Give n(13).
-56
Let s(d) = -246*d - 10632. Give s(-49).
1422
Let s(x) = -x**3 + 13*x**2 + 858*x - 13436. Determine s(17).
-6
Let y(q) = -597*q**2 + 94*q + 184. What is y(-2)?
-2392
Let m(d) = -5*d**3 - 336*d**2 - 17*d + 422. What is m(-67)?
-2928
Let t(i) = -8627*i**2 - 51801*i - 222. Give t(-6).
12
Let q(w) = -4281*w - 1875082. Determine q(-438).
-4
Let l(u) = 2688*u + 58647. What is l(-22)?
-489
Let s(o) = -40424*o + 403729. Calculate s(10).
-511
Let k(r) = 262*r**2 + 15731*r + 15. Calculate k(-60).
-645
Let p(v) = v**2 + 542*v + 39210. Determine p(-86).
-6
Let q(j) = -5808*j + 906068. Calculate q(156).
20
Let n(t) = -t**2 - 182*t - 3175. Give n(-20).
65
Let c(t) = 17*t**2 - 1043*t + 77. Give c(61).
-289
Let m(u) = 50*u**2 - 458*u + 7. Give m(9).
-65
Let i(x) = x**3 + 10*x**2 - 17*x - 164. Give i(-6).
82
Let g(m) = m**3 - 150*m**2 - 304*m - 16. Give g(-2).
-16
Let r(n) = 2*n**2 + 9967*n + 7780097. Calculate r(-969).
-4
Let x(s) = 720*s**2 - 24439*s - 2. Determine x(34).
1392
Let d(w) = -14*w**2 + 5458*w + 771. Determine d(390).
-9
Let a(w) = -w**3 - 21*w**2 - 75*w + 86. Determine a(-7).
-75
Let d(t) = -t**3 - 108*t**2 - 153*t + 22. Calculate d(0).
22
Let i(a) = 2*a**2 + 422*a + 11172. Determine i(-180).
12
Let o(i) = -308*i + 2710. Determine o(9).
-62
Let w(b) = b**3 - 250*b**2 + 1744*b - 366. Determine w(7).
-65
Let p(r) = -13032*r - 130425. Give p(-10).
-105
Let j(v) = 827*v + 5634. Give j(-7).
-155
Let z(m) = m**3 + 209*m**2 - 2665*m - 2873. Calculate z(-221).
0
Let b(p) = -92*p**3 + 6257*p**2 - 618*p + 37405. Calculate b(68).
5
Let x(k) = 2077*k - 14534. Calculate x(7).
5
Let f(p) = 65*p - 3817. What is f(57)?
-112
Let g(h) = -3457*h**3 - 24198*h**2 + 12*h + 45. Give g(-7).
10
Let z(l) = -225*l - 25182. Give z(-112).
18
Let r(j) = -j**3 + 430*j**2 + 434*j - 186645. What is r(430)?
-25
Let m(a) = -a**3 - 68*a**2 - 120*a - 12861. Give m(-69).
180
Let b(f) = 3*f**3 + 31*f**2 + 42*f - 2. Determine b(-8).
110
Let w(m) = -m**3 - 36*m**2 + 30079*m + 1082838. What is w(-36)?
-6
Let i(m) = 2352*m - 597410. Give i(254).
-2
Let h(r) = -5*r**2 + 217*r + 3891. What is h(57)?
15
Let z(a) = -2*a**2 - 4969*a + 100189. Determine z(20).
9
Let p(d) = -184*d + 5150. Calculate p(21).
1286
Let o(s) = -3*s**2 - 610*s - 7929. What is o(-188)?
719
Let u(r) = 8*r**2 - 417*r + 4406. Give u(15).
-49
Let q(o) = -o**3 + 41*o**2 - 376*o - 342. What is q(26)?
22
Let v(d) = -3*d**2 - 966*d + 22446. Give v(23).
-1359
Let q(t) = 9154*t - 329535. Give q(36).
9
Let v(a) = -1586*a - 73047. Calculate v(-46).
-91
Let p(r) = -3*r**3 - 2468*r**2 + 755*r - 55970. Determine p(-823).
-6
Let f(z) = -z**3 - 423*z**2 + 1235*z - 201965. Calculate f(-427).
6
Let z(y) = 391*y**2 - 8726*y + 2733. Determine z(22).
5
Let j(i) = i**3 + 250*i**2 - 79*i - 19598. Calculate j(-250).
152
Let w(l) = 51522*l + 411326. Give w(-8).
-850
Let o(p) = 24908*p + 1843204. Determine o(-74).
12
Let n(o) = -o**3 - 110*o**2 + 4822*o - 10649. Calculate n(-144).
7
Let i(k) = k**2 - 6*k + 258. What is i(0)?
258
Let p(b) = -72*b**2 - 693*b + 270. Calculate p(-10).
0
Let h(u) = -4240*u**2 - 97530*u - 194. Calculate h(-23).
36
Let d(w) = 4738*w - 13733. Determine d(3).
481
Let v(i) = 3757*i - 3937. Calculate v(1).
-180
Let d(z) = -z**3 - 371*z**2 + 203242*z - 2678. Give d(-673).
14
Let t(i) = -690*i - 53827. Determine t(-78).
-7
Let r(n) = 139650*n - 837917. Determine r(6).
-17
Let i(y) = -79*y**2 + 12567*y - 170. What is i(159)?
784
Let r(h) = -125*h**2 - 3763*h - 102. What is r(-30)?
288
Let v(z) = z**3 + 24*z**2 + 134*z - 85. Determine v(-14).
-1
Let o(c) = 1369*c - 71188. Give o(52).
0
Let k(t) = t**3 + 110*t**2 - 109*t + 190. Calculate k(-111).
-32
Let k(o) = -142*o - 20103. What is k(-149)?
1055
Let f(x) = -1704384*x + 3408777. Calculate f(2).
9
Let z(n) = 108*n**3 - 3*n**2 + 345*n + 347. What is z(-1)?
-109
Let w(g) = g**3 + 644*g**2 + 16654*g - 155. Give w(-27).
-20
Let r(d) = -d**2 - 2482*d + 72748. Give r(29).
-71
Let y(t) = 800*t**2 - 4000*t - 8. Calculate y(5).
-8
Let a(w) = -3616*w - 40332. What is a(-13)?
6676
Let t(n) = -n**2 + 98*n - 878. What is t(13)?
227
Let f(i) = -5*i**2 - 149*i + 915. Give f(-36).
-201
Let z(h) = 1750*h - 7050. What is z(4)?
-50
Let a(y) = -6*y**3 + 317*y**2 + 28*y + 2036. Determine a(53).
711
Let y(c) = 3*c**3 - 462*c**2 + 17716*c + 3530. What is y(80)?
10
Let p(l) = 1521*l - 263594. Determine p(173).
-461
Let c(p) = -p**3 + 519*p**2 - 10432*p - 568. Give c(21).
-22
Let c(l) = -l**3 - 10*l**2 + 7025*l - 713. Determine c(-89).
-179
Let w(t) = -4*t**2 + 439*t - 8906. What is w(27)?
31
Let y(w) = 16650*w - 33466492. Give y(2010).
8
Let c(u) = -u**2 - 2031*u + 177659. Calculate c(84).
-1
Let x(m) = 4536810*m - 36294477. Calculate x(8).
3
Let f(u) = 7465*u - 37221. Calculate f(5).
104
Let h(c) = -699*c + 1725. Give h(2).
327
Let i(w) = 3*w**2 - 151*w - 10300. Give i(89).
24
Let l(p) = -5357*p - 75003. Determine l(-14).
-5
Let z(o) = -2*o**3 - 4*o**2 + 853*o - 951. Determine z(19).
94
Let m(w) = -693*w + 37235. What is m(54)?
-187
Let l(o) = 14*o**2 + 1471*o + 358. What is l(-105)?
253
Let l(k) = -k**3 - 14*k**2 - 96*k - 3143. Give l(-17).
-644
Let p(k) = -k**3 - 181*k**2 + 9866*k + 1497. Calculate p(44).
1
Let a(t) = 4*t**2 - 2016*t + 213275. Give a(151).
63
Let c(a) = -198307*a + 1388148. What is c(7)?
-1
Let a(c) = -c**3 + 10*c**2 + 489*c - 91. Give a(-18).
179
Let d(u) = 148*u**2 - 4551*u - 27254. Determine d(-6).
5380
Let f(h) = h**2 + 83202*h - 3246408. Give f(39).
-9
Let r(h) = 464*h - 87795. Calculate r(188).
-563
Let n(f) = 210*f + 13203. Determine n(-61).
393
Let l(c) = -3758*c + 458448. Determine l(122).
-28
Let b(x) = -2*x**2 + 34*x - 676. Determine b(26).
-1144
Let f(h) = -h**3 - 83*h**2 - 6020*h - 38413. Determine f(-7).
3
Let k(h) = -h**3 + 20*h**2 - 103*h + 850. Give k(13).
694
Let g(h) = -10*h**3 - 1245*h**2 - 12493*h - 95. What is g(-11)?
-7
Let o(q) = -1210*q - 273471. Calculate o(-226).
-11
Let p(i) = 6*i**3 - 4542*i**2 + 9055*i + 3769. What is p(755)?
-6
Let w(x) = -2*x**3 - 697*x**2 + 6075*x + 2404. Calculate w(-357).
262
Let n(h) = 2*h**2 + 9420*h + 713503. Calculate n(-77).
21
Let y(u) = -525*u + 9406. Determi